{"id":84,"date":"2009-01-27T12:35:15","date_gmt":"2009-01-27T11:35:15","guid":{"rendered":"http:\/\/facharbeit.m-h-h.com\/?page_id=84"},"modified":"2009-01-27T12:36:59","modified_gmt":"2009-01-27T11:36:59","slug":"einordnung","status":"publish","type":"page","link":"https:\/\/facharbeit.martinhetterich.de\/?page_id=84","title":{"rendered":"Einordnung"},"content":{"rendered":"<p style=\"text-align: justify;\">Wenn man r\u00fcckblickend die Auswirkungen des Zweiten Weltkrieges auf Heidenfeld betrachtet, erkennt man, dass Heidenfeld stark von dieser Zeit beeinflusst wurde.<\/p>\n<p style=\"text-align: justify;\">Den geringsten Einfluss nahmen die Ereignisse auf das Vereinsleben. Zwar lagen die Aktivit\u00e4ten mancher Vereine zur Zeit des Krieges still oder sie wurden durch nationalsozialistische Organisationen ersetzt, nach Kriegsende jedoch nahmen sie ihren geregelten Vereinsbetrieb wieder auf und erlebten oft eine Bl\u00fcte. Dass die Auswirkungen des Krieges f\u00fcr die Vereine nicht so stark waren, liegt wohl, wie schon dargelegt, am vermehrten Engagement einiger Fl\u00fcchtlinge.<\/p>\n<p style=\"text-align: justify;\">Eine gr\u00f6\u00dfere Z\u00e4sur stellt wohl der Verlust vieler Einwohner dar. 50 Soldaten kehrten nicht mehr aus dem Feld zur\u00fcck, mehr als 60 zum Teil erst Jahre sp\u00e4ter. Vielen Familien fehlten somit ein oder sogar mehrere S\u00f6hne f\u00fcr eine l\u00e4ngere Zeit, oft sogar f\u00fcr immer. Dieser Verlust ist wohl nicht in ein Raster einzuordnen und entgegen anderer Verluste nicht mehr gut zu machen.<\/p>\n<p style=\"text-align: justify;\">Eine messbare Auswirkung hingegen stellen die zerst\u00f6rten H\u00e4user dar. Heidenfeld war zur Zeit des Weltkrieges ein fast ausschlie\u00dflich landwirtschaftlich orientierter Ort. Die Tatsache, dass fast jedem zweiten Landwirt die Scheune oder ein Stall fehlte, l\u00e4sst erkennen, dass die Luftangriffe des Februars 1944 Heidenfeld an seiner empfindlichsten Stelle traf. Durch die Angriffe wurden nicht nur ihre Bauten zerst\u00f6rt, auch das Vieh verbrannte h\u00e4ufig. Viele Bauern waren \u00fcber ein Jahrzehnt mit dem Aufbau ihrer zerst\u00f6rten Geb\u00e4ude besch\u00e4ftigt, die Brandspuren des Krieges sieht man auch heute noch an vielen Scheunen und Hallen. Im Verh\u00e4ltnis zu den landwirtschaftlichen Bauten fielen die Zerst\u00f6rungen an Wohnh\u00e4usern recht niedrig aus und stellt somit keine besonders gro\u00dfe Auswirkung dar.<\/p>\n<p style=\"text-align: justify;\">Auch andere Aspekte ver\u00e4nderten Heidenfeld. So wuchs der Ort durch die gro\u00dfe Menge an Fl\u00fcchtlingen, welche im Ort verblieben, das erste mal \u00fcber 1000 Einwohner, ein anderer Punkt ist, dass viele geschichtliche Dokumente zusammen mit dem Pfarrhaus zerst\u00f6rt wurden.<\/p>\n<p style=\"text-align: justify;\">Was aber die Lebensweise vieler Menschen ver\u00e4ndert hat, sind die Erinnerungen.<br \/>\nVor allem an die Bombenangriffe und die damit einhergehenden Feuer, aber auch an die durch die NS-Herrschaft ver\u00e4nderten Umst\u00e4nde erinnerten sich meine Interviewpartner noch sehr genau. S\u00e4tze wie \u201e<em>Wehe man hat nicht \u201eHeil Hitler!\u201c gesagt.<\/em>\u201c oder Erz\u00e4hlungen dar\u00fcber, dass mit Jauche gel\u00f6scht wurde, weil das Wasser eingefroren war, zeigen, wie sehr den Zeitzeugen diese Ereignisse noch pr\u00e4sent sind.<\/p>\n","protected":false},"excerpt":{"rendered":"<p>Wenn man r\u00fcckblickend die Auswirkungen des Zweiten Weltkrieges auf Heidenfeld betrachtet, erkennt man, dass Heidenfeld stark von dieser Zeit beeinflusst wurde. Den geringsten Einfluss nahmen die Ereignisse auf das Vereinsleben. Zwar lagen die Aktivit\u00e4ten mancher Vereine zur Zeit des Krieges still oder sie wurden durch nationalsozialistische Organisationen ersetzt, nach Kriegsende jedoch nahmen sie ihren geregelten [&hellip;]<\/p>\n","protected":false},"author":2,"featured_media":0,"parent":0,"menu_order":5,"comment_status":"closed","ping_status":"closed","template":"","meta":{"footnotes":""},"class_list":["post-84","page","type-page","status-publish","hentry"],"_links":{"self":[{"href":"https:\/\/facharbeit.martinhetterich.de\/index.php?rest_route=\/wp\/v2\/pages\/84","targetHints":{"allow":["GET"]}}],"collection":[{"href":"https:\/\/facharbeit.martinhetterich.de\/index.php?rest_route=\/wp\/v2\/pages"}],"about":[{"href":"https:\/\/facharbeit.martinhetterich.de\/index.php?rest_route=\/wp\/v2\/types\/page"}],"author":[{"embeddable":true,"href":"https:\/\/facharbeit.martinhetterich.de\/index.php?rest_route=\/wp\/v2\/users\/2"}],"replies":[{"embeddable":true,"href":"https:\/\/facharbeit.martinhetterich.de\/index.php?rest_route=%2Fwp%2Fv2%2Fcomments&post=84"}],"version-history":[{"count":3,"href":"https:\/\/facharbeit.martinhetterich.de\/index.php?rest_route=\/wp\/v2\/pages\/84\/revisions"}],"predecessor-version":[{"id":86,"href":"https:\/\/facharbeit.martinhetterich.de\/index.php?rest_route=\/wp\/v2\/pages\/84\/revisions\/86"}],"wp:attachment":[{"href":"https:\/\/facharbeit.martinhetterich.de\/index.php?rest_route=%2Fwp%2Fv2%2Fmedia&parent=84"}],"curies":[{"name":"wp","href":"https:\/\/api.w.org\/{rel}","templated":true}]}}