{"id":63,"date":"2009-01-27T12:13:29","date_gmt":"2009-01-27T11:13:29","guid":{"rendered":"http:\/\/facharbeit.m-h-h.com\/?page_id=63"},"modified":"2009-01-27T12:25:20","modified_gmt":"2009-01-27T11:25:20","slug":"politischer-neubeginn","status":"publish","type":"page","link":"https:\/\/facharbeit.martinhetterich.de\/?page_id=63","title":{"rendered":"Politischer Neubeginn"},"content":{"rendered":"<p style=\"text-align: justify;\">Nach Kriegsende mussten auch in den Gemeinden andere F\u00fchrungskr\u00e4fte in die Verantwortung genommen werden. Wie in allen Gemeinden wurde auch in Heidenfeld der alte B\u00fcrgermeister von der Milit\u00e4rregierung abgesetzt.<\/p>\n<p style=\"text-align: justify;\">Die beiden B\u00fcrgermeister, die w\u00e4hrend der Zeit der NS-Herrschaft das Amt innehatten, Theodor Kresser und Otto Stephan wurden festgenommen und in der N\u00e4he von M\u00fcnchen inhaftiert. Daraufhin wurde der ehemalige B\u00fcrgermeister August Wolf wieder in sein fr\u00fcheres Amt eingesetzt.<\/p>\n<p style=\"text-align: justify;\">Am 20. August 1945 wurden die amtierenden Gemeinder\u00e4te ihres Amtes vom Landrat Schineller enthoben. Au\u00dferdem ordnete er an &#8222;<em>Beir\u00e4te f\u00fcr die \u00f6ffentliche Verwaltung in den Gemeinden zu bilden<\/em>&#8222;. Diese Beir\u00e4te sollten sich aus Mitgliedern aller Parteien zusammensetzen, im Verh\u00e4ltnis der Gemeinderatsbesetzung von 1932. NSDAP-Mitglieder sollten nicht ber\u00fccksichtigt werden.<\/p>\n<p style=\"text-align: justify;\">Am 7. November 1945 sandte Schineller einen Brief, indem er die vorgeschlagenen Personen in den Gemeindebeirat berief . Am 15. November wurden dann die Beir\u00e4te Anton M\u00f6hring, Emil Hespelein, Karl Graf, Ludwig Wolf und Robert Hetterich verpflichtet.<\/p>\n<p style=\"text-align: justify;\">Die Beir\u00e4te wurden &#8222;<em>durch Handschlag verpflichtet ihr Amt als gemeindlicher Beirat gewissenhaft auszu\u00fcben, [&#8230;] und das ihnen \u00fcbertragene Amt gegen\u00fcber jedermann ohne R\u00fccksicht auf Religion, Rasse, Abstammung oder politischen \u00dcberzeugung anzuwenden und zu handhaben<\/em>&#8222;.<\/p>\n","protected":false},"excerpt":{"rendered":"<p>Nach Kriegsende mussten auch in den Gemeinden andere F\u00fchrungskr\u00e4fte in die Verantwortung genommen werden. Wie in allen Gemeinden wurde auch in Heidenfeld der alte B\u00fcrgermeister von der Milit\u00e4rregierung abgesetzt. Die beiden B\u00fcrgermeister, die w\u00e4hrend der Zeit der NS-Herrschaft das Amt innehatten, Theodor Kresser und Otto Stephan wurden festgenommen und in der N\u00e4he von M\u00fcnchen inhaftiert. [&hellip;]<\/p>\n","protected":false},"author":2,"featured_media":0,"parent":19,"menu_order":1,"comment_status":"closed","ping_status":"closed","template":"","meta":{"footnotes":""},"class_list":["post-63","page","type-page","status-publish","hentry"],"_links":{"self":[{"href":"https:\/\/facharbeit.martinhetterich.de\/index.php?rest_route=\/wp\/v2\/pages\/63","targetHints":{"allow":["GET"]}}],"collection":[{"href":"https:\/\/facharbeit.martinhetterich.de\/index.php?rest_route=\/wp\/v2\/pages"}],"about":[{"href":"https:\/\/facharbeit.martinhetterich.de\/index.php?rest_route=\/wp\/v2\/types\/page"}],"author":[{"embeddable":true,"href":"https:\/\/facharbeit.martinhetterich.de\/index.php?rest_route=\/wp\/v2\/users\/2"}],"replies":[{"embeddable":true,"href":"https:\/\/facharbeit.martinhetterich.de\/index.php?rest_route=%2Fwp%2Fv2%2Fcomments&post=63"}],"version-history":[{"count":3,"href":"https:\/\/facharbeit.martinhetterich.de\/index.php?rest_route=\/wp\/v2\/pages\/63\/revisions"}],"predecessor-version":[{"id":75,"href":"https:\/\/facharbeit.martinhetterich.de\/index.php?rest_route=\/wp\/v2\/pages\/63\/revisions\/75"}],"up":[{"embeddable":true,"href":"https:\/\/facharbeit.martinhetterich.de\/index.php?rest_route=\/wp\/v2\/pages\/19"}],"wp:attachment":[{"href":"https:\/\/facharbeit.martinhetterich.de\/index.php?rest_route=%2Fwp%2Fv2%2Fmedia&parent=63"}],"curies":[{"name":"wp","href":"https:\/\/api.w.org\/{rel}","templated":true}]}}